he hundred thousands digit of 38038517?
0
What is the hundreds digit of 2254554?
5
What is the tens digit of 38849067?
6
What is the units digit of 849008?
8
What is the hundreds digit of 11904665?
6
What is the thousands digit of 3418636?
8
What is the units digit of 5203939?
9
What is the ten thousands digit of 11236565?
3
What is the hundred thousands digit of 12331557?
3
What is the thousands digit of 127429?
7
What is the thousands digit of 1717622?
7
What is the tens digit of 21173?
7
What is the ten thousands digit of 14446972?
4
What is the thousands digit of 4148210?
8
What is the tens digit of 4128623?
2
What is the hundred thousands digit of 178041?
1
What is the tens digit of 177399?
9
What is the hundred thousands digit of 1617137?
6
What is the hundreds digit of 2042400?
4
What is the thousands digit of 1124906?
4
What is the tens digit of 864008?
0
What is the tens digit of 586705?
0
What is the tens digit of 1110975?
7
What is the hundreds digit of 1242810?
8
What is the units digit of 1066090?
0
What is the ten thousands digit of 122978?
2
What is the hundred thousands digit of 121152?
1
What is the ten thousands digit of 1069736?
6
What is the hundred thousands digit of 127596?
1
What is the ten thousands digit of 4499464?
9
What is the tens digit of 9324980?
8
What is the ten thousands digit of 150727?
5
What is the ten thousands digit of 11223383?
2
What is the units digit of 14568432?
2
What is the hundred thousands digit of 336225?
3
What is the millions digit of 1697787?
1
What is the tens digit of 19099778?
7
What is the units digit of 1138052?
2
What is the hundred thousands digit of 298692?
2
What is the thousands digit of 2301516?
1
What is the thousands digit of 2486668?
6
What is the tens digit of 7650221?
2
What is the units digit of 19188631?
1
What is the millions digit of 3013830?
3
What is the ten thousands digit of 31349790?
4
What is the hundreds digit of 2672009?
0
What is the hundreds digit of 6771922?
9
What is the hundreds digit of 405190?
1
What is the millions digit of 2285072?
2
What is the thousands digit of 107073?
7
What is the units digit of 415503?
3
What is the ten thousands digit of 543876?
4
What is the hundred thousands digit of 1060849?
0
What is the hundreds digit of 586208?
2
What is the thousands digit of 36660?
6
What is the tens digit of 164676?
7
What is the millions digit of 2211563?
2
What is the tens digit of 4375?
7
What is the thousands digit of 7744553?
4
What is the hundreds digit of 111759?
7
What is the hundreds digit of 494239?
2
What is the thousands digit of 106494?
6
What is the units digit of 209940?
0
What is the tens digit of 4008792?
9
What is the millions digit of 3353449?
3
What is the units digit of 761943?
3
What is the thousands digit of 23458517?
8
What is the hundreds digit of 114828?
8
What is the hundred thousands digit of 638431?
6
What is the units digit of 3421697?
7
What is the tens digit of 2002152?
5
What is the tens digit of 272335?
3
What is the thousands digit of 2606461?
6
What is the hundred thousands digit of 3621087?
6
What is the ten thousands digit of 6326505?
2
What is the hundred thousands digit of 359158?
3
What is the thousands digit of 574268?
4
What is the millions digit of 3892168?
3
What is the units digit of 40287?
7
What is the hundreds digit of 24690970?
9
What is the hundred thousands digit of 548701?
5
What is the hundreds digit of 458993?
9
What is the tens digit of 1010815?
1
What is the ten millions digit of 21378015?
2
What is the hundreds digit of 209309?
3
What is the thousands digit of 1269019?
9
What is the tens digit of 191210?
1
What is the hundred thousands digit of 156432?
1
What is the hundreds digit of 24307?
3
What is the hundred thousands digit of 658804?
6
What is the ten millions digit of 10482398?
1
What is the hundred thousands digit of 14684327?
6
What is the thousands digit of 927941?
7
What is the hundreds digit of 1787?
7
What is the tens digit of 5164068?
6
What is the ten thousands digit of 2083654?
8
What is the units digit of 364037?
7
What is the hundreds digit of 364385?
3
What is the units digit of 6136602?
2
What is the hundreds digit of 1088195?
1
What is the thousands digit of 868517?
8
What is the hundred thousands digit of 7592162?
5
What is the units digit of 251498?
8
What is the hundreds digit of 547201?
2
What is the ten thousands digit of 3003098?
0
What is the hundreds digit of 4844212?
2
What is the ten thousands digit of 364596?
6
What is the ten thousands digit of 218419?
1
What is the tens digit of 3447161?
6
What is the tens digit of 248399?
9
What is the tens digit of 5582829?
2
What is the hundreds digit of 524494?
4
What is the units digit of 170865?
5
What is the ten thousands digit of 335076?
3
What is the thousands digit of 6466?
6
What is the thousands digit of 372842?
2
What is the tens digit of 1433292?
9
What is the ten thousands digit of 13473809?
7
What is the units digit of 283675?
5
What is the hundred thousands digit of 128538?
1
What is the thousands digit of 2046437?
6
What is the hundred thousands digit of 2732681?
7
What is the thousands digit of 166090?
6
What is the thousands digit of 6221090?
1
What is the units digit of 65134?
4
What is the units digit of 2407479?
9
What is the hundred thousands digit of 3961184?
9
What is the units digit of 119473?
3
What is the hundreds digit of 97610?
6
What is the hundred thousands digit of 25196920?
1
What is the units digit of 13464882?
2
What is the ten thousands digit of 1807353?
0
What is the thousands digit of 579110?
9
What is the hundred thousands digit of 9332437?
3
What is the thousands digit of 1473077?
3
What is the hundreds digit of 49460?
4
What is the hundred thousands digit of 2176816?
1
What is the units digit of 13090895?
5
What is the thousands digit of 2009525?
9
What is the hundreds digit of 415767?
7
What is the tens digit of 105962?
6
What is the hundred thousands digit of 12502213?
5
What is the hundred thousands digit of 1065679?
0
What is the thousands digit of 175561?
5
What is the hundred thousands digit of 117640?
1
What is the thousands digit of 1783165?
3
What is the hundreds digit of 5488?
4
What is the units digit of 1030105?
5
What is the units digit of 951097?
7
What is the hundred thousands digit of 3583554?
5
What is the tens digit of 793948?
4
What is the hundred thousands digit of 441389?
4
What is the ten thousands digit of 6025817?
2
What is the hundred thousands digit of 4878132?
8
What is the thousands digit of 22398?
2
What is the hundreds digit of 1078591?
5
What is the thousands digit of 6591257?
1
What is the millions digit of 6179942?
6
What is the hundred thousands digit of 29629045?
6
What is the units digit of 1459485?
5
What is the tens digit of 116194?
9
What is the thousands digit of 143676?
3
What is the thousands digit of 544262?
4
What is the ten thousands digit of 613468?
1
What is the units digit of 573933?
3
What is the ten thousands digit of 1837777?
3
What is the thousands digit of 520504?
0
What is the ten thousands digit of 170334?
7
What is the hundreds digit of 500180?
1
What is the tens digit of 778828?
2
What is the ten thousands digit of 297018?
9
What is the thousands digit of 3898802?
8
What is the millions digit of 3551630?
3
What is the hundreds digit of 1994371?
3
What is the thousands digit of 78422?
8
What is the units digit of 2282307?
7
What is the ten thousands digit of 63995?
6
What is the units digit of 43644?
4
What is the tens digit of 4103928?
2
What is the thousands digit of 388145?
8
What is the units digit of 181525?
5
What is the millions digit of 14922980?
4
What is the thousands digit of 1506818?
6
What is the units digit of 12781778?
8
What is the hundreds digit of 154752?
7
What is the units digit of 501?
1
What is the thousands digit of 175993?
5
What is the ten thousands digit of 782378?
8
What is the units digit of 1318726?
6
What is the ten thousands digit of 20048207?
4
What is the hundreds digit of 8511041?
0
What is the units digit of 21797692?
2
What is the thousands digit of 1359929?
9
What is the hundreds digit of 23452411?
4
What is the thousands digit of 8694141?
4
What is the units digit of 20689801?
1
What is the tens